 308 + 57365 = 0, -5*j + 72110 = 5*w. What is the ten thousands digit of w?
1
Suppose -44*m + 36*m + 1808 = 0. Let z = m - -67. What is the units digit of z?
3
Suppose 2*m = 5*f + 41, -2*f = -m - 4*f - 2. Suppose 39 = 5*p + m*p. What is the tens digit of 7/((p*1/(-3))/(-29))?
0
Suppose 12*b - 108606 - 27774 = 0. What is the ten thousands digit of b?
1
What is the units digit of ((-6807)/(-6))/(32/192)?
7
Let g(o) = 4*o**3 - 4*o**2 - 36*o - 27. What is the tens digit of g(7)?
9
Suppose 2*f - 56 = 9*f. Let g(a) = a**2 + 2*a - 46. Let v be g(f). Suppose 510 = 3*k - 3*z, 3*k - 514 = v*z + 2*z. What is the units digit of k?
6
Suppose 0 = d - b - 40, 2*b + 0 + 39 = d. Suppose 51*f - d*f = 3620. What is the tens digit of f?
6
What is the thousands digit of 183615/20 + 639/284?
9
Let t(x) = x**2 - 13*x + 42. Let p be t(8). Suppose p*o - 387 = 625. What is the tens digit of o?
0
Suppose 6*o - 17110 = -n + 50709, 22613 = 2*o - n. What is the units digit of o?
4
Suppose -2*n + 680 = 2*y - n, -y + 326 = 4*n. What is the units digit of (4/(-6))/((-12)/y)?
9
Let q(b) = 50*b**3 - 3*b**2 - 20*b + 34. What is the hundreds digit of q(5)?
1
Let j be 12/234*86934 + (-6)/39. Suppose -3*h + 18*c - 23*c = -3354, -2*c = 4*h - j. What is the units digit of h?
3
Let b be 462/49 + -9 + (-88)/(-7). What is the hundreds digit of (-2001)/(-12) - b/(-52)?
1
Suppose 85*t - 84*t = -284. Let k = t - -402. What is the units digit of k?
8
Let z = -281 - -278. Let t(f) = -21*f**3 + 3*f**2 + f + 1. What is the hundreds digit of t(z)?
5
Let a(z) = -z + 4. Let c be a(-16). Suppose 20 = c*h - 16*h. What is the tens digit of -3*h/15*-178?
7
Suppose 8*c + 82 + 46 = 0. Let l(x) = -15*x + 94. What is the tens digit of l(c)?
3
Let j = -57 - -60. Suppose j*q - 15 = -3. Suppose 4*r - 474 = 2*g, 5*r - 585 = 8*g - q*g. What is the tens digit of r?
2
Suppose -356 + 116 = -6*s. Let a = 42 - s. What is the units digit of (7/(63/6))/(a/285)?
5
Let v be -6 + (-260)/(-5) - -2. Let f = 105 + v. What is the units digit of f?
3
Suppose 12*t - 9*t - 12 = 0, 5*a + 2*t = 35953. What is the thousands digit of a?
7
Let q be (-4 - (-8 - -3))*-157. Let g = 123 + q. What is the units digit of (g/3 - 0)*90/(-6)?
0
Let k be 1/(((-5)/20)/(22/8)). Let b(y) = 2*y + 58. What is the tens digit of b(k)?
3
Suppose -22*l = -7657 + 2443. Let s = l - -342. What is the units digit of s?
9
Let q = 20319 + -6582. What is the hundreds digit of q?
7
Let f be 1/1 + (44 + -1 - -1). What is the tens digit of ((-116)/(-6))/(30/f)?
2
Suppose 9*y - 7297 = 4529. Suppose -3*v = 0, 3*i + 2*v - y = 7*v. What is the tens digit of i?
3
Suppose -2*a - 7*a + 3600 = 0. Let m = a + -116. What is the units digit of m?
4
Suppose -314*u + 297*u + 67235 = 0. What is the thousands digit of u?
3
Suppose 0 = -134*s + 9424139 - 2555969. What is the ten thousands digit of s?
5
Let l(c) = 2*c + 10. Let n be l(5). Suppose 17*d - n*d = b - 497, -25 = 5*d. What is the tens digit of b?
1
Suppose -5*m + 41699 = 4*a, -4*m - 4*a + 5*a + 33355 = 0. What is the hundreds digit of m?
3
Let l be (-8)/(-20) + (-746)/(-10). Suppose 12*d - 17*d - l = 0. What is the hundreds digit of (-10)/d*(-387)/(-2)?
1
Suppose 2*x - 124 = x. Suppose -2*l + x + 18 = 0. Suppose 3*c - l = -26. What is the tens digit of c?
1
Let r be (-1819)/68 + (21/12 - 2). What is the hundreds digit of (558/r)/((-6)/252)?
8
Let a(g) = 4*g + 102. Let j be a(-19). Suppose 32*r - j*r - 3738 = 0. What is the units digit of r?
3
Suppose -7867 = -3*r - 4*m, 0 = -5*r - 39*m + 41*m + 13129. What is the units digit of r?
5
Suppose 4*b = 35*b - 217217. What is the tens digit of b?
0
Let n(j) = j**3 - 18*j**2 + 30*j - 86. Let q be n(17). Suppose -4*g + 220 = 64. Let l = q - g. What is the units digit of l?
6
Let o(r) = 10*r + 30 + 49*r**2 - 12 - 48*r**2. Let t be o(-8). Suppose -t*g = -379 + 57. What is the units digit of g?
1
Let y(z) be the second derivative of 3*z**5/10 - 2*z**4/3 - 2*z**3/3 - 5*z**2/2 + 28*z. What is the units digit of y(6)?
9
Suppose d - 4*y + 4 = 0, y - 2 = 2*d - y. Suppose -f - 48 - 74 = d. What is the units digit of f/(-8) + ((-28)/(-16) - 2)?
5
Suppose -238211 = -21*q - 21596. What is the tens digit of q?
1
Let k be (18/(-12) + 6)*(-8)/(-6). Suppose 3*u + 4*p + k = 0, u = 4*u - p - 9. Suppose t = u, -317 = -4*d + 2*t - 25. What is the units digit of d?
4
Let s be (-14)/(-3)*(102/12 + -4). Let d(y) = -y**2 + 37*y - 60. What is the tens digit of d(s)?
7
Suppose 3*z + 20*s - 5138 = 12*s, -z - 4*s = -1706. What is the tens digit of z?
2
Suppose 0 = 3*i + 6, -7*q = -41*i + 40*i - 162479. What is the thousands digit of q?
3
Let c = -1004 + 1010. What is the tens digit of 4 - 302/(-3)*3 - c?
0
Suppose -8 = -4*w - 0. Let t = 1255 + -1151. Suppose 144 = w*v - t. What is the hundreds digit of v?
1
Let y(c) = c**2 - 1. Let v(h) = 8*h**2 + 6*h - 14. Let o(x) = -v(x) + 12*y(x). Let p(a) = a**2 + 4*a - 8. Let g be p(-6). What is the tens digit of o(g)?
4
Let j(v) = 3*v - 16. Let m be j(7). Suppose 0 = -m*r + 4*f + 335, 48 = r + 5*f + 10. What is the tens digit of (59 - -1)*r/36?
0
Let w(h) be the first derivative of 13*h**2/2 + 103*h + 44. What is the tens digit of w(0)?
0
Suppose -18*s + 62293 = -127445. What is the tens digit of s?
4
Suppose -2291 = 3*b - 5*f - 11571, 0 = 3*b - 2*f - 9292. What is the units digit of b?
0
Let u be (10/(-6))/((-10)/36*1). Suppose -r + 4*t + 801 = 0, -7*t - u = -10*t. What is the tens digit of r?
0
Suppose 0 = 204*v - 176*v - 22652. What is the hundreds digit of v?
8
Suppose 15*o + 5*w - 84595 = 11*o, -o = -2*w - 21152. What is the units digit of o?
0
Suppose -5*n = 3*b - 21378, 17100 = 4*n - 46*b + 49*b. What is the thousands digit of n?
4
Let j = 21092 - 12796. What is the tens digit of j?
9
Let n(t) be the first derivative of -t**3/3 - 55*t**2/2 + 30*t - 55. What is the tens digit of n(-39)?
5
Let o(h) = 0 + 2 - 9*h**2 - 2*h**3 - 2 - 9*h + 2. Let b(l) = -l**3 - 5*l**2 - 5*l + 1. Let m(g) = -11*b(g) + 6*o(g). What is the hundreds digit of m(-5)?
1
Let h = 6 + -2. Suppose 2*d + 8 = 0, 0 = -4*k - 0*d - 5*d - h. Suppose -4*l - 292 = -k*p, p - 4*l - 55 = 27. What is the tens digit of p?
7
Suppose 5*q = 20*q - 75. Suppose 0 = -q*c + 326 + 689. What is the hundreds digit of c?
2
Suppose -2*d - d + 3*w + 252 = 0, 0 = -5*d - 4*w + 438. Let n = -191 + d. Let i = -61 - n. What is the units digit of i?
4
Suppose 0*j - 3*j + 6 = 0, 120 = o - 5*j. Let a = o + -87. Suppose 0 = 6*w + a - 193. What is the units digit of w?
5
Suppose -3*b - 2*w + 2937 = 0, -2*b + 0*w - 3*w = -1958. Let t = -341 + b. Suppose 5*p = t - 3. What is the hundreds digit of p?
1
Let q = -1796 - -3077. Suppose 0 = -9*k + 2*k + q. Suppose -5*r + 4*c + k = 0, 3*r - 5*c = 6*r - 95. What is the tens digit of r?
3
Let d(z) = -333*z - 24. What is the units digit of d(-11)?
9
Let k(g) = 111*g. Let v(j) = -7*j + 23. Let p be v(3). What is the hundreds digit of k(p)?
2
Suppose -155*z = -151*z - 124720. Suppose -210*k + 190*k + z = 0. What is the units digit of k?
9
Let r = -196 + 215. Suppose -75 = -r*h + 16*h. What is the tens digit of h?
2
Let n(m) = 2*m**2 - 1. Let y be (-28)/(-35)*(3/(-6) + -2). Let h be n(y). Let r(t) = 16*t - 15. What is the tens digit of r(h)?
9
Let w(t) = -369*t + 88. Let n be w(-3). Suppose -5*o - 22 + 7 = 0, n = 2*c - 5*o. What is the hundreds digit of c?
5
Let s(l) = -10*l - 2. Let b(q) = 9*q + 3. Let x(z) = 4*b(z) + 3*s(z). Let c be x(6). Let k = c - 14. What is the tens digit of k?
2
Let c = 1022 + 18666. What is the hundreds digit of c?
6
Let u be 7/(-7) + (-2)/(-1). Let m be (680/16)/(u/6). Suppose -5*d + 230 = -m. What is the tens digit of d?
9
Let a(d) = -5*d - 753. Let h be a(0). What is the units digit of (-21 + 19)/(2/h)?
3
Let g(f) = f**3 - 22*f**2 + 10*f - 104. What is the units digit of g(22)?
6
Let f(g) = -13*g - 26. Let a be f(-2). Let w(q) = -8*q + 6*q - 2*q**2 + q**2 + 17. What is the tens digit of w(a)?
1
What is the thousands digit of 46088*(13 + -18 - -6)?
6
Suppose 0 = -3*j + 101*k - 104*k + 157563, k = -3*j + 157569. What is the tens digit of j?
2
Let i(k) = 11*k + 4. Let z be i(0). Suppose -h = -4*c - 467 + 103, -4*h = -z*c - 1516. What is the units digit of h?
4
Suppose -10*j + 1835 = -33*j + 19545. Suppose 5*u = 3*h + 67, -4*h + 8 = -3*u + 46. Suppose -u*a 